377995?
5, 71, 83, 5443
What are the prime factors of 1355926082?
2, 7, 59, 27823
What are the prime factors of 4086296336?
2, 7789, 32789
What are the prime factors of 1116267431?
449, 911, 2729
What are the prime factors of 707797601?
7, 17, 211, 4027
List the prime factors of 116936477.
7, 89, 187699
What are the prime factors of 149814995?
5, 11, 2723909
List the prime factors of 654831641.
137, 139, 251
What are the prime factors of 864600956?
2, 216150239
List the prime factors of 188518402.
2, 223, 331, 1277
What are the prime factors of 233670354?
2, 3, 38945059
List the prime factors of 85080113.
29, 73, 40189
What are the prime factors of 5039819?
137, 36787
List the prime factors of 58733422.
2, 11, 557, 4793
List the prime factors of 957268430.
2, 5, 2677, 35759
What are the prime factors of 1159044002?
2, 17597, 32933
What are the prime factors of 2946786377?
97, 659, 46099
What are the prime factors of 1153572351?
3, 41, 293, 32009
List the prime factors of 366741.
3, 17, 47
What are the prime factors of 2295008074?
2, 17911, 64067
List the prime factors of 1359628259.
11, 123602569
List the prime factors of 3569205155.
5, 15361, 46471
List the prime factors of 140167209.
3, 7, 13, 367, 1399
What are the prime factors of 12932733?
3, 11, 17, 23053
What are the prime factors of 3570174810?
2, 3, 5, 1181, 33589
List the prime factors of 46922701.
7, 349, 19207
List the prime factors of 40751340.
2, 3, 5, 7, 83, 167
List the prime factors of 54620553.
3, 13, 1400527
List the prime factors of 46512603.
3, 1091, 1579
List the prime factors of 49535163.
3, 5503907
What are the prime factors of 1076148655?
5, 547, 393473
List the prime factors of 129771318.
2, 3, 21628553
List the prime factors of 2908610264.
2, 7, 6421, 8089
What are the prime factors of 14246853?
3, 89, 53359
What are the prime factors of 1249064612?
2, 312266153
List the prime factors of 2845214357.
2909, 978073
What are the prime factors of 2833362182?
2, 7, 5273, 5483
What are the prime factors of 229475578?
2, 19, 31, 83, 2347
What are the prime factors of 7503508674?
2, 3, 416861593
List the prime factors of 105761329.
79, 1338751
List the prime factors of 1552351012.
2, 101, 1483, 2591
List the prime factors of 224091002.
2, 31, 383, 9437
List the prime factors of 147770196.
2, 3, 7, 29, 60661
What are the prime factors of 403802926?
2, 109, 1852307
What are the prime factors of 155623143?
3, 13, 306949
List the prime factors of 511910461.
41, 1381, 9041
What are the prime factors of 3934073358?
2, 3, 29, 331, 22769
What are the prime factors of 6964177073?
7, 29, 4903, 6997
List the prime factors of 192810078.
2, 3, 53, 67369
List the prime factors of 319766575.
5, 61, 449, 467
List the prime factors of 29016142.
2, 43, 337397
List the prime factors of 75894842.
2, 37947421
What are the prime factors of 1388570569?
31, 44792599
List the prime factors of 50852984.
2, 7, 13, 17, 587
List the prime factors of 3072493869.
3, 3137, 326479
What are the prime factors of 48857299?
47, 1039517
What are the prime factors of 41364693?
3, 4596077
What are the prime factors of 815079112?
2, 271, 397, 947
List the prime factors of 2192231736.
2, 3, 17, 271, 2203
What are the prime factors of 315029080?
2, 5, 7875727
List the prime factors of 500429411.
500429411
What are the prime factors of 447783806?
2, 223891903
List the prime factors of 39591241.
331, 119611
What are the prime factors of 3529922316?
2, 3, 294160193
List the prime factors of 610972188.
2, 3, 199, 255851
What are the prime factors of 206573181?
3, 31, 2221217
What are the prime factors of 5644354632?
2, 3, 7, 151, 222499
What are the prime factors of 46983376?
2, 11, 17, 41, 383
What are the prime factors of 323014820?
2, 5, 19, 89, 9551
What are the prime factors of 29702443?
29702443
What are the prime factors of 8171675?
5, 326867
List the prime factors of 3757494188.
2, 7, 19, 157, 44987
What are the prime factors of 196109569?
17, 23, 59, 8501
List the prime factors of 423676684.
2, 79, 1340749
What are the prime factors of 22756209?
3, 7, 101, 10729
List the prime factors of 1587851931.
3, 113, 349, 13421
List the prime factors of 35746120.
2, 5, 893653
List the prime factors of 93966137.
41, 43, 53299
What are the prime factors of 121311077?
2857, 42461
What are the prime factors of 55571624?
2, 151, 179, 257
List the prime factors of 466856066.
2, 233428033
List the prime factors of 48613020.
2, 3, 5, 19, 42643
What are the prime factors of 1800459581?
8707, 206783
What are the prime factors of 6665815?
5, 13, 102551
List the prime factors of 42284633.
19, 179, 12433
What are the prime factors of 1347018795?
3, 5, 9977917
What are the prime factors of 65768210?
2, 5, 1951, 3371
List the prime factors of 1488111235.
5, 13, 17, 347, 3881
List the prime factors of 273288928.
2, 11, 776389
What are the prime factors of 229832932?
2, 7, 271, 4327
What are the prime factors of 665636658?
2, 3, 110939443
List the prime factors of 830637372.
2, 3, 29, 2386889
What are the prime factors of 215478618?
2, 3, 35913103
What are the prime factors of 76141381?
719, 105899
List the prime factors of 217205843.
10651, 20393
What are the prime factors of 55746179?
17, 3279187
List the prime factors of 47198152.
2, 47, 125527
What are the prime factors of 380402529?
3, 13, 83, 117517
What are the prime factors of 199787668?
2, 49946917
What are the prime factors of 561209077?
11, 13, 3924539
What are the prime factors of 52198649?
103, 506783
What are the prime factors of 158564412?
2, 3, 1468189
List the prime factors of 29142685.
5, 11, 13, 40759
List the prime factors of 1059575740.
2, 5, 52978787
What are the prime factors of 1996631455?
5, 7, 13, 4388201
List the prime factors of 2141650871.
17, 53, 2376971
What are the prime factors of 227768813?
29, 7854097
What are the prime factors of 42543663?
3, 14181221
What are the prime factors of 32727661?
31, 1055731
List the prime factors of 39697568.
2, 223, 5563
List the prime factors of 3440704034.
2, 19, 7013, 12911
What are the prime factors of 169673849?
169673849
What are the prime factors of 2744186718?
2, 3, 7, 13, 23, 218521
What are the prime factors of 29181902?
2, 14590951
What are the prime factors of 92671766?
2, 11, 4212353
What are the prime factors of 5259736770?
2, 3, 5, 175324559
List the prime factors of 258487455.
3, 5, 23, 31, 24169
What are the prime factors of 276606679?
2069, 133691
List the prime factors of 589007131.
1291, 456241
What are the prime factors of 14039725?
5, 7, 73, 157
List the prime factors of 1473757296.
2, 3, 11, 83, 33629
What are the prime factors of 1785936837?
3, 595312279
What are the prime factors of 6749578538?
2, 47, 71804027
What are the prime factors of 5121375923?
229, 22364087
What are the prime factors of 1394777794?
2, 29, 1117, 21529
List the prime factors of 322610606.
2, 161305303
What are the prime factors of 1836852957?
3, 22677197
List the prime factors of 318150815.
5, 491, 129593
What are the prime factors of 86595299?
7, 23, 76837
What are the prime factors of 6400622416?
2, 19, 653, 1697
What are the prime factors of 2624037947?
2624037947
What are the prime factors of 727791195?
3, 5, 3547, 13679
What are the prime factors of 967906150?
2, 5, 89, 199, 1093
What are the prime factors of 286675825?
5, 11467033
List the prime factors of 3354767522.
2, 17, 157, 179, 3511
List the prime factors of 695352283.
89, 7812947
List the prime factors of 594195506.
2, 37, 83, 89, 1087
What are the prime factors of 334084943?
334084943
List the prime factors of 117292804.
2, 631, 46471
List the prime factors of 620285312.
2, 317, 15287
List the prime factors of 1428389304.
2, 3, 59516221
List the prime factors of 1533196321.
271, 5657551
List the prime factors of 1463033204.
2, 43, 911, 9337
What are the prime factors of 321123132?
2, 3, 11, 17, 47701
List the prime factors of 3070560982.
2, 1535280491
List the prime factors of 262387180.
2, 5, 11, 17, 70157
What are the prime factors of 1584647119?
11, 31, 307, 15137
List the prime factors of 11499424.
2, 359357
List the prime factors of 241424960.
2, 5, 7, 89, 173
What are the prime factors of 57060012?
2, 3, 53, 73, 1229
What are the prime factors of 11965